 1/6*y**3 - 1/2*y**2. Suppose -16 = 5*w - 31. What is n(w)?
2
Let j be 3/2*12/9. Let f(z) = 4*z - j*z + 6 - 4 - z**3 + 0*z**3 - z**2. What is f(-2)?
2
Let k(c) be the third derivative of -7*c**5/60 + c**4/24 - 18*c**2. Calculate k(1).
-6
Let c(d) = d**2 - 3*d + 1. Let u = 51 + -49. Determine c(u).
-1
Let p = -142 - -147. Let v(k) be the third derivative of 1/2*k**3 + 0*k - 1/8*k**4 + 0 + 1/30*k**p + 4*k**2. Give v(2).
5
Let c(h) = -13*h**2 - 11*h - 11. Let r(x) = x**2 + x + 1. Let w(v) = 2*c(v) + 22*r(v). Let k(a) = -5*a**2 - a - 1. Let b(i) = 5*k(i) - 6*w(i). Determine b(-4).
-1
Let x(z) = -7*z**2 + z - 4. Let s(m) = -12*m**2 + 3*m - 7. Let k(v) = 4*s(v) - 7*x(v). Suppose 0 = -w + 4*q + 15, -6 - 4 = w + q. Determine k(w).
0
Let n(r) = -r**2 + r + 1. Let l(a) = a**3 - 4*a**2 + 3*a + 12. Let f(c) = -l(c) + 4*n(c). What is f(0)?
-8
Let n(t) = 5*t**3 - 29*t**2 - 15*t + 20. Let r(u) = -3*u**3 + 19*u**2 + 10*u - 13. Let b(s) = -5*n(s) - 8*r(s). Let x be 32/(-5) - 6/(-15). Determine b(x).
-2
Let n be 82/6 + (-4)/6. Let j(k) = 2*k**2 + n - 3*k - 2 - 9. Give j(2).
4
Let y(z) = -5*z. Let r(h) = -9*h. Let u(m) = -4*r(m) + 7*y(m). Let i be (-5)/((-10)/(-4))*-2. Calculate u(i).
4
Let r be (-1 - -3) + -1 + -8*1. Let s(x) = x**3 + 7*x**2 - x + 2. Determine s(r).
9
Suppose 0 = -3*o + 2*w + 2, -2*o + 4*o = -4*w - 4. Let a(j) = j - 20. What is a(o)?
-20
Let a(n) = -n**3 - 7*n**2 - 6*n - 5. Suppose -2*v + m = -0*m - 13, -5*m = 15. Suppose -3*w = v*s - s + 33, -27 = 3*s + 3*w. Calculate a(s).
-5
Let m(t) = t**3 + 9*t**2 - t - 6. Let x be m(-9). Let w(i) = -2 + 0*i**3 - i**x + 3*i**2 - 241*i + 242*i + 0*i**3. Determine w(3).
1
Let u(f) be the first derivative of f**3/3 - 6*f + 4. Calculate u(0).
-6
Let h = 0 - -4. Suppose -h*s - 5 = -3*x, s - 2 + 10 = 3*x. Suppose 3*z + 32 = 4*n - z, -4*z = -x*n + 28. Let m(o) = o - 4. Give m(n).
0
Let w(f) = 4*f**3 + 7*f**2 - 2*f - 1. Let s(k) = -5*k**3 - 8*k**2 + 3*k. Suppose -2*o + o + 4 = 0. Let z(v) = o*w(v) + 3*s(v). What is z(-3)?
2
Let r(k) be the first derivative of -k + 6. Let a(b) = -b - 8. Let j(u) = a(u) - 3*r(u). What is j(-7)?
2
Let b(t) = t + 1. Let l = -19 - -25. What is b(l)?
7
Let j be 2/6 + 33/9. Let x(r) = -5*r + 3. Let w(g) = -6*g + 4. Let t(m) = -4*w(m) + 5*x(m). Determine t(j).
-5
Let j(f) = 3*f**2 + 3*f - 3. Suppose 5*i - 5*y - 5 = 0, 3*i - 5 - 2 = -y. Determine j(i).
15
Let d(j) = 2*j**2 + 2*j + 1. Let u be (4 + -5)/((-1)/53). Let m be (-6)/10 + u/5. Suppose r = 5*v + m, 5*v + 31 = -4*r - 4. Calculate d(v).
13
Let k(m) be the second derivative of -m**8/6720 + m**7/1260 - m**6/240 + m**5/120 - m**4/3 - 4*m. Let h(q) be the third derivative of k(q). Determine h(2).
-5
Let z(i) be the first derivative of -i**3/3 + 9*i**2/2 - 7*i + 4. Let g be z(8). Let j(f) = f**2 - f + 1. Determine j(g).
1
Let i(m) = -m**3 + 3*m**2 + 2*m - 5. Let g be i(3). Let y(c) = -3*c**2 + 1. Give y(g).
-2
Let d(g) = g**3 - 5*g**2 - 4*g + 1. Let m = -2 + 8. Determine d(m).
13
Let m(z) = -z**3 + z**2 - z + 1. Let g(d) = -d + 13. Let r be g(7). Suppose r*u + 5 = 11*u. Give m(u).
0
Let h(z) = z - 4. Suppose 15 = 5*a, -2*a - 4 = 5*c + 25. Let u = -3 - c. Suppose -u*x = -5*o - 11, o = -x + 4*o + 1. What is h(x)?
0
Let o = -3 - -5. Let w(l) = l - 4*l - l**o + 2*l**2 + 1 + 0*l. Calculate w(3).
1
Let m(g) = g**3 - 3*g**2 - 5*g. Let c(t) be the first derivative of t**2 - t + 2. Let z be c(4). Suppose -z*h = -2*h - 20. What is m(h)?
-4
Let o = 1 + -3. Let p be (o/(-5))/((-3)/(-15)). Let j be (1/(-2))/(p/12). Let z(h) = -h**2 - 3*h + 3. Determine z(j).
3
Let v be 1 + (4 - (3 + 9)). Let r(o) = -4*o**2 - 4*o - 9. Let h(j) = -9*j**2 - 7*j - 19. Let t(x) = v*r(x) + 3*h(x). Calculate t(-6).
0
Let v(z) = 3*z - 5*z - 4*z + z - 4. Determine v(-3).
11
Suppose 0 = -p + 3*p. Let n(m) = -m - m**3 + 11*m**2 + p*m**3 - 10*m**2 + 1. What is n(0)?
1
Let a be (-8)/(-3)*21/14. Suppose 0 = -a*z - 8 + 24. Let p(f) = f**3 - 4*f**2 + f - 2. What is p(z)?
2
Let h = -4 - -9. Suppose -h*s - 23 + 3 = 0. Let o(u) = u - 4. Calculate o(s).
-8
Let d(y) = y - 3. Let l(i) = i. Let a be l(-2). Let t be -2*(1 - (-7)/a). What is d(t)?
2
Suppose -3*n + 6*n + 15 = 0. Let s(b) = 4*b - 4*b + 1 - b. Give s(n).
6
Let j(v) = v**2 - 9*v + 12. Let w = -128 + 136. Calculate j(w).
4
Suppose 5*c - 32 = -2*p + 3, 4*c + 5*p - 28 = 0. Let w(m) be the second derivative of -m**4/12 + 7*m**3/6 + 7*m**2/2 - 3*m. Give w(c).
7
Let w = 44 + -29. Suppose 3*y + 13 = p - 2, 0 = -4*p - 3*y - w. Let q(m) = -2*m**2 - m + 6*m**2 + p*m - m**3. Give q(4).
-4
Let i be 2*((-10)/4 - -3). Suppose i = 4*p - 3*p. Let l(t) = 2*t**2 + p + 3 - t - 2 - 1. Calculate l(1).
2
Let j(h) = -h**2 - 11*h - 15. Suppose 2*c = -4, 5*i = c - 44 - 4. What is j(i)?
-5
Suppose -2*s + 5 = -s - 4*v, -2*s + 3*v = -15. Let b be 1/(s/3 + -4). Let c(a) = -a - 1 + 0*a + 0. Give c(b).
0
Let a(d) be the first derivative of d**3/3 - 3*d**2 - 6*d - 19. What is a(6)?
-6
Let a(y) = y**2 + y + 3. Let u(s) = s**2 + 9*s + 3. Let g be u(-9). Let f be g/(-5) - 9/(-15). What is a(f)?
3
Let g(m) be the second derivative of m**5/20 + m**3/6 + 7*m**2/2 + 2*m - 4. Give g(0).
7
Let l(u) = 13*u - 50. Let b be l(4). Let n(j) be the first derivative of 2*j + 4/3*j**3 - 1/2*j**4 - 3/2*j**b - 2. Determine n(2).
-4
Let z(h) = h**3 + h**2. Let l(c) = -5*c**3 + c**2 + 4*c + 2. Let q(k) = -l(k) - 4*z(k). Determine q(5).
-22
Let x(o) = 3*o - 4 - 8*o**2 - 3*o**3 + 0 - 2*o. Let y(q) = -4*q**3 - 9*q**2 + q - 5. Let p(w) = -5*x(w) + 4*y(w). Calculate p(4).
-4
Let p(v) = 14*v - 24. Let l(q) be the second derivative of 5*q**3/6 - 4*q**2 + 3*q. Let c(r) = -11*l(r) + 4*p(r). Give c(0).
-8
Let p(u) = u**3 - 3*u**2 - 6*u + 5. Let t(b) be the second derivative of -b**5/20 - b**4 - b**3/6 - 4*b**2 - 5*b. Let j be t(-12). Calculate p(j).
-3
Suppose 3*g + 14 = g. Let w = -7 - g. Suppose w*t = -5*t - 25. Let m(u) = -u**2 - 5*u - 6. Determine m(t).
-6
Let f(z) = z**3 + 1 + z - z + z - z**2 + 0*z**2. Give f(-2).
-13
Let a(s) = s - 6. Let k be (-6)/(-8) - 74/(-8). Let y = k + -6. Let l = y + 2. What is a(l)?
0
Let v(o) be the first derivative of -1/3*o**3 + o**2 + 0*o + 5. Let x(q) = -q**3 - 4*q**2 - q - 1. Let w be x(-4). Calculate v(w).
-3
Let a(x) = x - 1. Let j(c) = -3*c + 16. Let u(v) = 4*a(v) + j(v). Give u(0).
12
Suppose -3*r - 7 = -2*g - 2*g, -3*r - 13 = -g. Let w(i) = -i**3 - 7*i**2 - 8*i - 6. Give w(r).
-16
Let u(h) be the second derivative of 0 - 1/2*h**4 + 2*h - 1/2*h**2 + 1/6*h**3. Suppose -p = b - 5 + 3, 0 = 5*p - b - 4. Calculate u(p).
-6
Let v be 5 + (1 + -5 - -2). Let l(a) be the first derivative of a**2/2 - 3*a - 1. Give l(v).
0
Let l(j) be the third derivative of -j**5/60 + j**4/8 + j**2. Let n(o) = 3 + 10*o - 12*o - 9. Let d be n(-5). Determine l(d).
-4
Let a(o) = -2*o**3 + 3*o**3 - 6 - 2*o**3 + o + 5. Let d = 2 - 0. Calculate a(d).
-7
Let x(l) = -l + 5. Let i be x(3). Let q(d) = -d + 2. Let s(m) = m - 1. Let a(r) = q(r) + 2*s(r). Calculate a(i).
2
Let o(q) = 3*q**2 + q + 1. Let c be o(-1). Suppose -c = -4*x + x. Let h(i) = -4 + 5 + 3 - 7*i - 3. Calculate h(x).
-6
Let l(j) = -j + 1. Let x = -20 - -20. Give l(x).
1
Let r(v) = 5*v - 1. Let c = -22 - -29. Suppose c = -h + 2*k, -2*h - 2*k + 13 = 3*h. What is r(h)?
4
Let g be 8/3 - 6/(-18). Let d(r) = 4*r - 4. Calculate d(g).
8
Let w be -3 + 1 - (1/1 - 1). Let c(p) = p**3 + 4*p**2 + 3*p + 1. Determine c(w).
3
Let h(m) = 8*m + 15. Let s(a) = -4*a + 6 - 7 - 6. Let x(y) = -6*h(y) - 13*s(y). Calculate x(1).
5
Let g(v) = v + 1. Let l(t) = -2*t**3 + 7*t + 6. Let m(f) = 6*g(f) - l(f). Let c = -3 - -6. Let s = c + -4. Give m(s).
-1
Let b(i) = i**3 + i. Let q(h) = -h**3 - 6*h**2 - 5*h + 2. Let f be q(-5). Suppose -f + 6 = -2*p. Give b(p).
-10
Let k(q) = -7*q**3 - 8*q**2 + 3*q - 2. Let h(n) = -n**3 - n**2 - 1. Let s(j) = 6*h(j) - k(j). Determine s(-3).
-4
Let q(t) = 6*t. Let h be (-2)/(-10) - (-27)/15. What is q(h)?
12
Let p be ((-5)/(-10))/((-2)/(-20)). Suppose 0*g - 20 = -p*g. Let a(s) = -1 + g + s**2 + 3*s - s - 2. Determine a(-4).
9
Let u be 4 + (4 - 5)*4. Let c(h) be the second derivative of u*h**3 - 2*h - 1/12*h**4 - 1/2*h**2 + 0. Give c(0).
-1
Let f(g) be the third derivative of 1/60*g**5 + 0*g + 0 + 1/6*g**4 - 2/3*g**3 + 2*g**2. Let m(h) = h**2 - 9*h - 4. Let q be m(9). Give f(q).
-4
Let u(g) = g**2 + 3*g**3 + g**3 - 